{"id":12295,"date":"2017-12-06T21:54:35","date_gmt":"2017-12-06T21:54:35","guid":{"rendered":"http:\/\/dolphinx.eu\/test\/dpo1\/?page_id=12295"},"modified":"2019-07-30T16:12:50","modified_gmt":"2019-07-30T14:12:50","slug":"gdpr-tanacsadas","status":"publish","type":"page","link":"https:\/\/gdprszakerto.hu\/","title":{"rendered":"GDPR tan\u00e1csad\u00e1s"},"content":{"rendered":"<div class=\"wpb-content-wrapper\"><p>[vc_row][vc_column][vc_custom_heading text=&#8221;Adatv\u00e9delmi tev\u00e9kenys\u00e9g\u00fcnk az \u00d6n sz\u00e1m\u00e1ra&#8221; use_theme_fonts=&#8221;yes&#8221;][vc_separator color=&#8221;custom&#8221; align=&#8221;align_left&#8221; el_width=&#8221;20&#8243; css_animation=&#8221;fadeInLeft&#8221; accent_color=&#8221;#dd0000&#8243;][\/vc_column][\/vc_row][vc_row][vc_column width=&#8221;1\/3&#8243;][dh_counter speed=&#8221;8000&#8243; icon=&#8221;fa fa-thumbs-up&#8221; text_font_size=&#8221;15&#8243; number=&#8221;80&#8243; icon_color=&#8221;#1e73be&#8221; text=&#8221;sikeres audit&#8221; text_color=&#8221;#1e73be&#8221; number_color=&#8221;#1e73be&#8221;][\/vc_column][vc_column width=&#8221;1\/3&#8243;][dh_counter speed=&#8221;5000&#8243; icon=&#8221;fa fa-users&#8221; text_font_size=&#8221;15&#8243; number=&#8221;18&#8243; icon_color=&#8221;#1e73be&#8221; text=&#8221;\u00e1lland\u00f3 DPO megb\u00edz\u00e1s&#8221; text_color=&#8221;#1e73be&#8221; number_color=&#8221;#1e73be&#8221;][\/vc_column][vc_column width=&#8221;1\/3&#8243;][dh_counter speed=&#8221;5000&#8243; icon=&#8221;fa fa-building&#8221; text_font_size=&#8221;15&#8243; number=&#8221;20&#8243; number_color=&#8221;#1e73be&#8221; text=&#8221;gazdas\u00e1gi ter\u00fclet&#8221; text_color=&#8221;#1e73be&#8221; icon_color=&#8221;#1e73be&#8221;][\/vc_column][\/vc_row][vc_row][vc_column][vc_custom_heading text=&#8221;Mi\u00e9rt lehet sz\u00fcks\u00e9ges GDPR tan\u00e1csad\u00e1s \u00e9s audit, \u00e9s mit foglal mag\u00e1ban?&#8221; font_container=&#8221;tag:h3|text_align:left&#8221; use_theme_fonts=&#8221;yes&#8221;][vc_column_text]Az GDPR tan\u00e1csad\u00e1s, audit kicsit m\u00e1s mint az adatv\u00e9delmi tan\u00e1csad\u00e1s. GDPR auditra az\u00e9rt van sz\u00fcks\u00e9g, hogy ezen kereszt\u00fcl felm\u00e9rj\u00fck, hogy az adatkezel\u0151 pontosan milyen szem\u00e9lyes adatokat, milyen c\u00e9lb\u00f3l, \u00e9s milyen felt\u00e9telekkel kezel. Az audit sor\u00e1n a GDPR szak\u00e9rt\u0151 \u00e1ttekinti az adott jogi szem\u00e9ly szerz\u0151d\u00e9ses \u00e1llom\u00e1ny\u00e1t, szab\u00e1lyzatait stb. Ezek alapj\u00e1n meg\u00e1llap\u00edtjuk, hogy mik az elv\u00e9gzend\u0151 teend\u0151k a \u00a0GDPR-nak val\u00f3 megfelel\u00e9shez.<\/p>\n<p>A cselekv\u00e9si terv tekinthet\u0151 az audit v\u00e9geredm\u00e9ny\u00e9nek, azonban ez m\u00e9g nem jelenti az audit v\u00e9g\u00e9t, hiszen a tervben foglaltakat meg is kell val\u00f3s\u00edtani. A cselekv\u00e9si tervben adatkezel\u00e9si c\u00e9lonk\u00e9nt sz\u00fcks\u00e9ges meg\u00e1llap\u00edtani a jogszer\u0171 adatkezel\u00e9s felt\u00e9teleit. Ennek megtestes\u00fcl\u00e9se az adatv\u00e9delmi szab\u00e1lyzat, amely teljesk\u00f6r\u0171en szab\u00e1lyozza a szervezet adatkezel\u00e9s\u00e9t.<\/p>\n<p><strong>Az Adatv\u00e9delmi rendelet egy\u00e9rtelm\u0171en el\u0151\u00edrja, hogy az adatkezel\u0151 m\u0171k\u00f6d\u00e9se sor\u00e1n teljesk\u00f6r\u0171en k\u00f6teles biztos\u00edtani a szem\u00e9lyes adatok v\u00e9delm\u00e9t mind jogi, mind informatikai \u00e9rtelemben.<\/strong><\/p>\n<p>A jogszer\u0171 m\u0171k\u00f6d\u00e9s biztos\u00edt\u00e1sa a GDPR tan\u00e1csad\u00e1s \u00e9s audit r\u00e9v\u00e9n azonban m\u00e9g csak az els\u0151 l\u00e9p\u00e9s, hisz a mai gyorsan v\u00e1ltoz\u00f3 jogi k\u00f6rnyezetben legal\u00e1bb ennyire fontos a jogk\u00f6vet\u0151 \u00e1llapot fenntart\u00e1sa.[\/vc_column_text][vc_empty_space][\/vc_column][\/vc_row][vc_row][vc_column][vc_custom_heading text=&#8221;GDPR Tan\u00e1csad\u00e1s&#8221; use_theme_fonts=&#8221;yes&#8221;][vc_separator color=&#8221;custom&#8221; align=&#8221;align_left&#8221; el_width=&#8221;20&#8243; css_animation=&#8221;fadeInLeft&#8221; accent_color=&#8221;#dd0000&#8243;][vc_custom_heading text=&#8221;Mi\u00e9rt lehet \u00d6nnek sz\u00fcks\u00e9ge GDPR tan\u00e1csad\u00e1sra?&#8221; font_container=&#8221;tag:h3|text_align:left&#8221; use_theme_fonts=&#8221;yes&#8221;][vc_column_text]Mert az adatv\u00e9delem kiemelt fontoss\u00e1g\u00fa lesz a GDPR \u00e9letbel\u00e9p\u00e9se ut\u00e1n, \u00edgy a rendelet \u00e1ltal el\u0151\u00edrt k\u00f6vetelm\u00e9nyeknek \u00d6nnek is meg kell felelnie. Ehhez a megfelel\u00e9shez azonban sokszor GDPR tan\u00e1csad\u00e1s is sz\u00fcks\u00e9ges lehet. A megfelel\u00e9s azonban mag\u00e1val vonja a szervezet \u00e9s adatkezel\u00e9si elj\u00e1r\u00e1sainak \u00e1tvil\u00e1g\u00edt\u00e1s\u00e1t, adatt\u00e9rk\u00e9p k\u00e9sz\u00edt\u00e9s\u00e9t, audit lefolytat\u00e1s\u00e1t, akci\u00f3tervek k\u00e9sz\u00edt\u00e9s\u00e9t, azok v\u00e9grehajt\u00e1s\u00e1t, majd a rendszeres fel\u00fcgyeletet. Ezen k\u00edv\u00fcl a v\u00e1ltoz\u00f3 gazdas\u00e1gi, jogi k\u00f6rnyezethez val\u00f3 folyamatos alkalmazkod\u00e1st.[\/vc_column_text][\/vc_column][\/vc_row][vc_row][vc_column][vc_custom_heading text=&#8221;Fel kell k\u00e9sz\u00fclni a GDPR el\u0151\u00edr\u00e1sokra?&#8221; font_container=&#8221;tag:h3|text_align:left&#8221; use_theme_fonts=&#8221;yes&#8221;][vc_column_text]Igen, \u00e9s komolyan kell venni \u0151ket amennyiben nem akar t\u00e1mad\u00e1si fel\u00fcletet mutatni a konkurenci\u00e1nak \u00e9s a hat\u00f3s\u00e1goknak!<\/p>\n<p>Mivel ehhez az \u00e1tvil\u00e1g\u00edt\u00e1shoz az eg\u00e9sz c\u00e9get \u00e1t kell vizsg\u00e1lni, \u00edgy rengeteg, egy\u00e9b, nem GDPR rel\u00e1ci\u00f3j\u00fa adatv\u00e9delmi hi\u00e1nyoss\u00e1gra is f\u00e9ny der\u00fcl.[\/vc_column_text][\/vc_column][\/vc_row][vc_row][vc_column][vc_custom_heading text=&#8221;Melyek a k\u00f6vetkezm\u00e9nyei, ha nem felel meg c\u00e9ge a t\u00f6rv\u00e9nynek?&#8221; font_container=&#8221;tag:h3|text_align:left&#8221; use_theme_fonts=&#8221;yes&#8221;][vc_column_text]Sajnos komoly b\u00fcntet\u00e9sre sz\u00e1m\u00edthat, legal\u00e1bb az \u00e1rbev\u00e9tel 2 sz\u00e1zal\u00e9ka, de c\u00e9gcsoport szinten ak\u00e1r 20 milli\u00f3 EUR is lehet!<\/p>\n<p>MEG\u00c9RI?[\/vc_column_text][vc_empty_space][\/vc_column][\/vc_row][vc_row][vc_column][vc_custom_heading text=&#8221;Biztos, hogy vonatkozik a GDPR a c\u00e9g\u00e9re?&#8221; font_container=&#8221;tag:h3|text_align:left&#8221; use_theme_fonts=&#8221;yes&#8221;][vc_column_text]Igen, hiszen kezeli a dolgoz\u00f3k adatait, k\u00f6nyvel\u0151 c\u00e9ggel dolgozik egy\u00fctt, mobil telefonban sz\u00e1mokat t\u00e1rol, marketing leveleket k\u00fcld ki c\u00edmekre. Esetleg vannak biztons\u00e1gi kamer\u00e1i, \u00e1ll\u00e1saj\u00e1nlatokra \u00f6n\u00e9letrajzokat k\u00e9r be, facebook-ra k\u00e9peket tesz c\u00e9ges rendezv\u00e9nyr\u0151l&#8230;[\/vc_column_text][vc_empty_space][\/vc_column][\/vc_row][vc_row][vc_column][vc_custom_heading text=&#8221;GDPR tan\u00e1csad\u00e1s \u00e9s audit szolg\u00e1ltat\u00e1saink&#8221; use_theme_fonts=&#8221;yes&#8221;][vc_column_text]<\/p>\n<ul>\n<li>GDPR audit lefolytat\u00e1sa.<\/li>\n<li>Adatkezel\u00e9si szab\u00e1lyzat, t\u00e1j\u00e9koztat\u00f3, nyilatkozatok kidolgoz\u00e1sa.<\/li>\n<li>Adatkezel\u00e9ssel kapcsolatos szerz\u0151d\u00e9sek kidolgoz\u00e1sa, v\u00e9lem\u00e9nyez\u00e9se, m\u00f3dos\u00edt\u00e1sa.<\/li>\n<li>Elj\u00e1r\u00e1srendek, folyamatok kialak\u00edt\u00e1sa, dokument\u00e1l\u00e1sa.<\/li>\n<li>Adatv\u00e9delmi jogi tan\u00e1csad\u00e1s.<\/li>\n<li>Weboldalak adatv\u00e9delmi t\u00e1rgy\u00fa fel\u00fclvizsg\u00e1lata.<\/li>\n<li>Munkahelyi adatkezel\u00e9ssel kapcsolatos adatkezel\u00e9si tan\u00e1csad\u00e1s.<\/li>\n<li>Kamerarendszerek, bel\u00e9ptet\u0151rendszerek adatv\u00e9delmi jogi megfelel\u0151s\u00e9g\u00e9nek kidolgoz\u00e1sa.<\/li>\n<li>Adatv\u00e9delmi tisztvisel\u0151i, bels\u0151 adatv\u00e9delmi felel\u0151si poz\u00edci\u00f3 bet\u00f6lt\u00e9se megb\u00edz\u00e1si jogviszony keretei k\u00f6z\u00f6tt.<\/li>\n<li>Adatv\u00e9delmi k\u00e9pz\u00e9sek tart\u00e1sa.<\/li>\n<li>Kapcsolattart\u00e1s az adatv\u00e9delmi hat\u00f3s\u00e1ggal, adatkezel\u00e9si nyilv\u00e1ntart\u00e1sba t\u00f6rt\u00e9n\u0151 bejelent\u00e9ssel kapcsolatos \u00fcgyint\u00e9z\u00e9s.<\/li>\n<li>Adatv\u00e9delmi tan\u00e1csad\u00e1s.<\/li>\n<\/ul>\n<p>[\/vc_column_text][vc_empty_space][\/vc_column][\/vc_row][vc_row][vc_column][vc_single_image image=&#8221;12427&#8243; img_size=&#8221;large&#8221; add_caption=&#8221;yes&#8221; onclick=&#8221;link_image&#8221;][\/vc_column][\/vc_row][vc_row][vc_column][vc_custom_heading text=&#8221;Egy-k\u00e9t tan\u00e1cs a szem\u00e9lyes adatok biztons\u00e1g\u00e1hoz&#8221; font_container=&#8221;tag:h3|text_align:left&#8221; use_theme_fonts=&#8221;yes&#8221;][vc_column_text]<\/p>\n<ul>\n<li>Alkalmazzon <a href=\"http:\/\/gdprszakerto.hu\/index.php\/dpo-szolgaltatasok\/\">dpo-t<\/a> (data protection officer), v\u00e9geztessen adatv\u00e9delmi auditot rendszeresen.<\/li>\n<li>\u00cdrott dokument\u00e1ci\u00f3 k\u00e9sz\u00edt\u00e9se a szem\u00e9lyes adatok t\u00edpusair\u00f3l.<\/li>\n<li>Vizsg\u00e1lja fel\u00fcl dokumentumait, amelyek a szem\u00e9lyes adatok kezel\u00e9s\u00e9t befoly\u00e1solhatj\u00e1k.<\/li>\n<li>Vezessen be biztons\u00e1gos adatmegsemmis\u00edt\u00e9si elj\u00e1r\u00e1st.<\/li>\n<li>Minden adatt\u00f6rl\u00e9st igazoljon.<\/li>\n<li>T\u00e1j\u00e9koztassa az \u00e9rintetteket.<\/li>\n<li>Menedzselnie kell a mobileszk\u00f6z\u00f6ket.<\/li>\n<li>Felel\u0151sen gy\u0171jtse az adatokat.<\/li>\n<li>Szervezzen oktat\u00e1st \u00e9s tr\u00e9ningeket.<\/li>\n<li>Nevezzen ki adatv\u00e9delmi felel\u0151st.<\/li>\n<li>V\u00e9gezzen kock\u00e1zatkezel\u00e9st.<\/li>\n<li>K\u00e9sz\u00edtsen incidenskezel\u00e9si tervet.<\/li>\n<li>Tartsa be az <a href=\"http:\/\/gdprszakerto.hu\/index.php\/alapelvek\/\">alapelveket.<\/a><\/li>\n<\/ul>\n<p>[\/vc_column_text][vc_empty_space][\/vc_column][\/vc_row]<\/p>\n<\/div>","protected":false},"excerpt":{"rendered":"<p>[vc_row][vc_column][vc_custom_heading text=&#8221;Adatv\u00e9delmi tev\u00e9kenys\u00e9g\u00fcnk az \u00d6n sz\u00e1m\u00e1ra&#8221; use_theme_fonts=&#8221;yes&#8221;][vc_separator color=&#8221;custom&#8221; align=&#8221;align_left&#8221; el_width=&#8221;20&#8243; css_animation=&#8221;fadeInLeft&#8221; accent_color=&#8221;#dd0000&#8243;][\/vc_column][\/vc_row][vc_row][vc_column width=&#8221;1\/3&#8243;][dh_counter speed=&#8221;8000&#8243; icon=&#8221;fa fa-thumbs-up&#8221; text_font_size=&#8221;15&#8243; number=&#8221;80&#8243; icon_color=&#8221;#1e73be&#8221; text=&#8221;sikeres audit&#8221; text_color=&#8221;#1e73be&#8221; number_color=&#8221;#1e73be&#8221;][\/vc_column][vc_column width=&#8221;1\/3&#8243;][dh_counter speed=&#8221;5000&#8243; icon=&#8221;fa fa-users&#8221; text_font_size=&#8221;15&#8243; number=&#8221;18&#8243; icon_color=&#8221;#1e73be&#8221; text=&#8221;\u00e1lland\u00f3 DPO megb\u00edz\u00e1s&#8221; text_color=&#8221;#1e73be&#8221; number_color=&#8221;#1e73be&#8221;][\/vc_column][vc_column width=&#8221;1\/3&#8243;][dh_counter speed=&#8221;5000&#8243; icon=&#8221;fa fa-building&#8221; text_font_size=&#8221;15&#8243; number=&#8221;20&#8243; number_color=&#8221;#1e73be&#8221; text=&#8221;gazdas\u00e1gi ter\u00fclet&#8221; text_color=&#8221;#1e73be&#8221; icon_color=&#8221;#1e73be&#8221;][\/vc_column][\/vc_row][vc_row][vc_column][vc_custom_heading text=&#8221;Mi\u00e9rt lehet sz\u00fcks\u00e9ges GDPR tan\u00e1csad\u00e1s \u00e9s audit, \u00e9s mit foglal mag\u00e1ban?&#8221; font_container=&#8221;tag:h3|text_align:left&#8221; use_theme_fonts=&#8221;yes&#8221;][vc_column_text]Az GDPR&#8230;<\/p>\n","protected":false},"author":1,"featured_media":0,"parent":0,"menu_order":0,"comment_status":"closed","ping_status":"closed","template":"","meta":{"footnotes":""},"class_list":["post-12295","page","type-page","status-publish","hentry"],"yoast_head":"<!-- This site is optimized with the Yoast SEO plugin v27.5 - https:\/\/yoast.com\/product\/yoast-seo-wordpress\/ -->\n<title>GDPR tan\u00e1csad\u00e1s - GDPR felk\u00e9sz\u00fcl\u00e9s szak\u00e9rt\u0151kkel<\/title>\n<meta name=\"description\" content=\"GDPR tan\u00e1csad\u00e1s mi\u00e9rt sz\u00fcks\u00e9ges \u00d6nnek? Mert az adatv\u00e9delem kiemelt fontoss\u00e1g\u00fa lesz a GDPR \u00e9letbel\u00e9p\u00e9se ut\u00e1n, \u00edgy \u00d6nnek is meg kell felelnie.\" \/>\n<meta name=\"robots\" content=\"index, follow, max-snippet:-1, max-image-preview:large, max-video-preview:-1\" \/>\n<link rel=\"canonical\" href=\"https:\/\/gdprszakerto.hu\/\" \/>\n<meta property=\"og:locale\" content=\"hu_HU\" \/>\n<meta property=\"og:type\" content=\"article\" \/>\n<meta property=\"og:title\" content=\"GDPR tan\u00e1csad\u00e1s - GDPR felk\u00e9sz\u00fcl\u00e9s szak\u00e9rt\u0151kkel\" \/>\n<meta property=\"og:description\" content=\"GDPR tan\u00e1csad\u00e1s mi\u00e9rt sz\u00fcks\u00e9ges \u00d6nnek? Mert az adatv\u00e9delem kiemelt fontoss\u00e1g\u00fa lesz a GDPR \u00e9letbel\u00e9p\u00e9se ut\u00e1n, \u00edgy \u00d6nnek is meg kell felelnie.\" \/>\n<meta property=\"og:url\" content=\"https:\/\/gdprszakerto.hu\/\" \/>\n<meta property=\"og:site_name\" content=\"GDPRszakerto.hu\" \/>\n<meta property=\"article:modified_time\" content=\"2019-07-30T14:12:50+00:00\" \/>\n<meta name=\"twitter:card\" content=\"summary_large_image\" \/>\n<meta name=\"twitter:label1\" content=\"Becs\u00fclt olvas\u00e1si id\u0151\" \/>\n\t<meta name=\"twitter:data1\" content=\"3 perc\" \/>\n<script type=\"application\/ld+json\" class=\"yoast-schema-graph\">{\"@context\":\"https:\\\/\\\/schema.org\",\"@graph\":[{\"@type\":\"WebPage\",\"@id\":\"https:\\\/\\\/gdprszakerto.hu\\\/\",\"url\":\"https:\\\/\\\/gdprszakerto.hu\\\/\",\"name\":\"GDPR tan\u00e1csad\u00e1s - GDPR felk\u00e9sz\u00fcl\u00e9s szak\u00e9rt\u0151kkel\",\"isPartOf\":{\"@id\":\"https:\\\/\\\/gdprszakerto.hu\\\/#website\"},\"datePublished\":\"2017-12-06T21:54:35+00:00\",\"dateModified\":\"2019-07-30T14:12:50+00:00\",\"description\":\"GDPR tan\u00e1csad\u00e1s mi\u00e9rt sz\u00fcks\u00e9ges \u00d6nnek? Mert az adatv\u00e9delem kiemelt fontoss\u00e1g\u00fa lesz a GDPR \u00e9letbel\u00e9p\u00e9se ut\u00e1n, \u00edgy \u00d6nnek is meg kell felelnie.\",\"breadcrumb\":{\"@id\":\"https:\\\/\\\/gdprszakerto.hu\\\/#breadcrumb\"},\"inLanguage\":\"hu\",\"potentialAction\":[{\"@type\":\"ReadAction\",\"target\":[\"https:\\\/\\\/gdprszakerto.hu\\\/\"]}]},{\"@type\":\"BreadcrumbList\",\"@id\":\"https:\\\/\\\/gdprszakerto.hu\\\/#breadcrumb\",\"itemListElement\":[{\"@type\":\"ListItem\",\"position\":1,\"name\":\"Home\",\"item\":\"https:\\\/\\\/gdprszakerto.hu\\\/\"},{\"@type\":\"ListItem\",\"position\":2,\"name\":\"GDPR tan\u00e1csad\u00e1s\"}]},{\"@type\":\"WebSite\",\"@id\":\"https:\\\/\\\/gdprszakerto.hu\\\/#website\",\"url\":\"https:\\\/\\\/gdprszakerto.hu\\\/\",\"name\":\"GDPRszakerto.hu\",\"description\":\"GDPR tan\u00e1csad\u00e1s szak\u00e9rt\u0151kt\u0151l\",\"potentialAction\":[{\"@type\":\"SearchAction\",\"target\":{\"@type\":\"EntryPoint\",\"urlTemplate\":\"https:\\\/\\\/gdprszakerto.hu\\\/?s={search_term_string}\"},\"query-input\":{\"@type\":\"PropertyValueSpecification\",\"valueRequired\":true,\"valueName\":\"search_term_string\"}}],\"inLanguage\":\"hu\"}]}<\/script>\n<!-- \/ Yoast SEO plugin. -->","yoast_head_json":{"title":"GDPR tan\u00e1csad\u00e1s - GDPR felk\u00e9sz\u00fcl\u00e9s szak\u00e9rt\u0151kkel","description":"GDPR tan\u00e1csad\u00e1s mi\u00e9rt sz\u00fcks\u00e9ges \u00d6nnek? Mert az adatv\u00e9delem kiemelt fontoss\u00e1g\u00fa lesz a GDPR \u00e9letbel\u00e9p\u00e9se ut\u00e1n, \u00edgy \u00d6nnek is meg kell felelnie.","robots":{"index":"index","follow":"follow","max-snippet":"max-snippet:-1","max-image-preview":"max-image-preview:large","max-video-preview":"max-video-preview:-1"},"canonical":"https:\/\/gdprszakerto.hu\/","og_locale":"hu_HU","og_type":"article","og_title":"GDPR tan\u00e1csad\u00e1s - GDPR felk\u00e9sz\u00fcl\u00e9s szak\u00e9rt\u0151kkel","og_description":"GDPR tan\u00e1csad\u00e1s mi\u00e9rt sz\u00fcks\u00e9ges \u00d6nnek? Mert az adatv\u00e9delem kiemelt fontoss\u00e1g\u00fa lesz a GDPR \u00e9letbel\u00e9p\u00e9se ut\u00e1n, \u00edgy \u00d6nnek is meg kell felelnie.","og_url":"https:\/\/gdprszakerto.hu\/","og_site_name":"GDPRszakerto.hu","article_modified_time":"2019-07-30T14:12:50+00:00","twitter_card":"summary_large_image","twitter_misc":{"Becs\u00fclt olvas\u00e1si id\u0151":"3 perc"},"schema":{"@context":"https:\/\/schema.org","@graph":[{"@type":"WebPage","@id":"https:\/\/gdprszakerto.hu\/","url":"https:\/\/gdprszakerto.hu\/","name":"GDPR tan\u00e1csad\u00e1s - GDPR felk\u00e9sz\u00fcl\u00e9s szak\u00e9rt\u0151kkel","isPartOf":{"@id":"https:\/\/gdprszakerto.hu\/#website"},"datePublished":"2017-12-06T21:54:35+00:00","dateModified":"2019-07-30T14:12:50+00:00","description":"GDPR tan\u00e1csad\u00e1s mi\u00e9rt sz\u00fcks\u00e9ges \u00d6nnek? Mert az adatv\u00e9delem kiemelt fontoss\u00e1g\u00fa lesz a GDPR \u00e9letbel\u00e9p\u00e9se ut\u00e1n, \u00edgy \u00d6nnek is meg kell felelnie.","breadcrumb":{"@id":"https:\/\/gdprszakerto.hu\/#breadcrumb"},"inLanguage":"hu","potentialAction":[{"@type":"ReadAction","target":["https:\/\/gdprszakerto.hu\/"]}]},{"@type":"BreadcrumbList","@id":"https:\/\/gdprszakerto.hu\/#breadcrumb","itemListElement":[{"@type":"ListItem","position":1,"name":"Home","item":"https:\/\/gdprszakerto.hu\/"},{"@type":"ListItem","position":2,"name":"GDPR tan\u00e1csad\u00e1s"}]},{"@type":"WebSite","@id":"https:\/\/gdprszakerto.hu\/#website","url":"https:\/\/gdprszakerto.hu\/","name":"GDPRszakerto.hu","description":"GDPR tan\u00e1csad\u00e1s szak\u00e9rt\u0151kt\u0151l","potentialAction":[{"@type":"SearchAction","target":{"@type":"EntryPoint","urlTemplate":"https:\/\/gdprszakerto.hu\/?s={search_term_string}"},"query-input":{"@type":"PropertyValueSpecification","valueRequired":true,"valueName":"search_term_string"}}],"inLanguage":"hu"}]}},"_links":{"self":[{"href":"https:\/\/gdprszakerto.hu\/index.php\/wp-json\/wp\/v2\/pages\/12295","targetHints":{"allow":["GET"]}}],"collection":[{"href":"https:\/\/gdprszakerto.hu\/index.php\/wp-json\/wp\/v2\/pages"}],"about":[{"href":"https:\/\/gdprszakerto.hu\/index.php\/wp-json\/wp\/v2\/types\/page"}],"author":[{"embeddable":true,"href":"https:\/\/gdprszakerto.hu\/index.php\/wp-json\/wp\/v2\/users\/1"}],"replies":[{"embeddable":true,"href":"https:\/\/gdprszakerto.hu\/index.php\/wp-json\/wp\/v2\/comments?post=12295"}],"version-history":[{"count":44,"href":"https:\/\/gdprszakerto.hu\/index.php\/wp-json\/wp\/v2\/pages\/12295\/revisions"}],"predecessor-version":[{"id":12398,"href":"https:\/\/gdprszakerto.hu\/index.php\/wp-json\/wp\/v2\/pages\/12295\/revisions\/12398"}],"wp:attachment":[{"href":"https:\/\/gdprszakerto.hu\/index.php\/wp-json\/wp\/v2\/media?parent=12295"}],"curies":[{"name":"wp","href":"https:\/\/api.w.org\/{rel}","templated":true}]}}